{"id":51827,"date":"2025-10-01T16:53:16","date_gmt":"2025-10-01T16:53:16","guid":{"rendered":"https:\/\/www.ikiam.edu.ec\/?page_id=51827"},"modified":"2026-03-12T13:24:37","modified_gmt":"2026-03-12T13:24:37","slug":"laboratorio-de-biologia-de-docencia-2","status":"publish","type":"page","link":"https:\/\/www.ikiam.edu.ec\/index.php\/laboratorio-de-biologia-de-docencia-2\/","title":{"rendered":"Laboratorio de Biolog\u00eda de Docencia 2"},"content":{"rendered":"\t\t<div data-elementor-type=\"wp-page\" data-elementor-id=\"51827\" class=\"elementor elementor-51827\" data-elementor-post-type=\"page\">\n\t\t\t\t\t\t<section class=\"elementor-section elementor-top-section elementor-element elementor-element-3a759a0 elementor-section-full_width elementor-section-height-min-height elementor-section-height-default elementor-section-items-middle\" data-id=\"3a759a0\" data-element_type=\"section\" data-settings=\"{&quot;background_background&quot;:&quot;classic&quot;}\">\n\t\t\t\t\t\t\t<div class=\"elementor-background-overlay\"><\/div>\n\t\t\t\t\t\t\t<div class=\"elementor-container elementor-column-gap-default\">\n\t\t\t\t\t<div class=\"elementor-column elementor-col-100 elementor-top-column elementor-element elementor-element-7b04e903\" data-id=\"7b04e903\" data-element_type=\"column\" data-settings=\"{&quot;background_background&quot;:&quot;slideshow&quot;,&quot;background_slideshow_gallery&quot;:[],&quot;background_slideshow_loop&quot;:&quot;yes&quot;,&quot;background_slideshow_slide_duration&quot;:5000,&quot;background_slideshow_slide_transition&quot;:&quot;fade&quot;,&quot;background_slideshow_transition_duration&quot;:500}\">\n\t\t\t<div class=\"elementor-widget-wrap elementor-element-populated\">\n\t\t\t\t\t\t<div class=\"elementor-element elementor-element-692c233c elementor-align-center elementor-widget elementor-widget-breadcrumbs\" data-id=\"692c233c\" data-element_type=\"widget\" data-widget_type=\"breadcrumbs.default\">\n\t\t\t\t\t<p id=\"breadcrumbs\"><span><span><a href=\"https:\/\/www.ikiam.edu.ec\/\">La Universidad<\/a><\/span><\/span><\/p>\t\t\t\t<\/div>\n\t\t\t\t<div class=\"elementor-element elementor-element-7b213cb9 elementor-widget elementor-widget-heading\" data-id=\"7b213cb9\" data-element_type=\"widget\" data-widget_type=\"heading.default\">\n\t\t\t\t\t<h1 class=\"elementor-heading-title elementor-size-default\">Laboratorio de Biolog\u00eda de Docencia 2<\/h1>\t\t\t\t<\/div>\n\t\t\t\t\t<\/div>\n\t\t<\/div>\n\t\t\t\t\t<\/div>\n\t\t<\/section>\n\t\t\t\t<section class=\"elementor-section elementor-top-section elementor-element elementor-element-233a12d1 elementor-section-boxed elementor-section-height-default elementor-section-height-default\" data-id=\"233a12d1\" data-element_type=\"section\">\n\t\t\t\t\t\t<div class=\"elementor-container elementor-column-gap-default\">\n\t\t\t\t\t<div class=\"elementor-column elementor-col-100 elementor-top-column elementor-element elementor-element-46eb823e\" data-id=\"46eb823e\" data-element_type=\"column\">\n\t\t\t<div class=\"elementor-widget-wrap elementor-element-populated\">\n\t\t\t\t\t\t<div class=\"elementor-element elementor-element-3c9d41a6 elementor-widget elementor-widget-spacer\" data-id=\"3c9d41a6\" data-element_type=\"widget\" data-widget_type=\"spacer.default\">\n\t\t\t\t\t\t\t<div class=\"elementor-spacer\">\n\t\t\t<div class=\"elementor-spacer-inner\"><\/div>\n\t\t<\/div>\n\t\t\t\t\t\t<\/div>\n\t\t\t\t<div class=\"elementor-element elementor-element-4bb4d800 elementor-widget elementor-widget-heading\" data-id=\"4bb4d800\" data-element_type=\"widget\" data-widget_type=\"heading.default\">\n\t\t\t\t\t<h2 class=\"elementor-heading-title elementor-size-default\">Informaci\u00f3n General <\/h2>\t\t\t\t<\/div>\n\t\t\t\t<section class=\"elementor-section elementor-inner-section elementor-element elementor-element-2ec10569 elementor-section-boxed elementor-section-height-default elementor-section-height-default\" data-id=\"2ec10569\" data-element_type=\"section\">\n\t\t\t\t\t\t<div class=\"elementor-container elementor-column-gap-default\">\n\t\t\t\t\t<div class=\"elementor-column elementor-col-100 elementor-inner-column elementor-element elementor-element-23dd13b4\" data-id=\"23dd13b4\" data-element_type=\"column\">\n\t\t\t<div class=\"elementor-widget-wrap elementor-element-populated\">\n\t\t\t\t\t\t<div class=\"elementor-element elementor-element-397ec0d7 elementor-widget elementor-widget-text-editor\" data-id=\"397ec0d7\" data-element_type=\"widget\" data-widget_type=\"text-editor.default\">\n\t\t\t\t\t\t\t\t\t<p style=\"font-size: 18px;\">En el laboratorio de biolog\u00eda se realizan clases pr\u00e1cticas de asignaturas como: biolog\u00eda, biotecnolog\u00eda ambiental, biotecnolog\u00eda vegetal, fisiolog\u00eda vegetal, fitopatolog\u00eda, fundamentos de zoolog\u00eda y microbiolog\u00eda aplicada. Los principales equipos que se pueden encontrar son: microscopios \u00f3pticos, estereomicroscopios, centr\u00edfuga, autoclave, potenci\u00f3metros y estufa. Dentro de este laboratorio se realizan proyectos de fin de semestre y tambi\u00e9n de fin de carrera. Las tesis que se desarrollan aqu\u00ed son, principalmente, relacionadas con la identificaci\u00f3n de macroinvertebrados.<\/p>\t\t\t\t\t\t\t\t<\/div>\n\t\t\t\t\t<\/div>\n\t\t<\/div>\n\t\t\t\t\t<\/div>\n\t\t<\/section>\n\t\t\t\t<div class=\"elementor-element elementor-element-556c840a elementor-widget elementor-widget-spacer\" data-id=\"556c840a\" data-element_type=\"widget\" data-widget_type=\"spacer.default\">\n\t\t\t\t\t\t\t<div class=\"elementor-spacer\">\n\t\t\t<div class=\"elementor-spacer-inner\"><\/div>\n\t\t<\/div>\n\t\t\t\t\t\t<\/div>\n\t\t\t\t<div class=\"elementor-element elementor-element-638d9b04 elementor-widget elementor-widget-heading\" data-id=\"638d9b04\" data-element_type=\"widget\" data-widget_type=\"heading.default\">\n\t\t\t\t\t<h2 class=\"elementor-heading-title elementor-size-default\">Responsable y t\u00e9cnico de laboratorio <\/h2>\t\t\t\t<\/div>\n\t\t\t\t<section class=\"elementor-section elementor-inner-section elementor-element elementor-element-5275eb6 elementor-section-boxed elementor-section-height-default elementor-section-height-default\" data-id=\"5275eb6\" data-element_type=\"section\">\n\t\t\t\t\t\t<div class=\"elementor-container elementor-column-gap-default\">\n\t\t\t\t\t<div class=\"elementor-column elementor-col-33 elementor-inner-column elementor-element elementor-element-39e1fc5\" data-id=\"39e1fc5\" data-element_type=\"column\">\n\t\t\t<div class=\"elementor-widget-wrap\">\n\t\t\t\t\t\t\t<\/div>\n\t\t<\/div>\n\t\t\t\t<div class=\"elementor-column elementor-col-33 elementor-inner-column elementor-element elementor-element-5e9f15d4\" data-id=\"5e9f15d4\" data-element_type=\"column\">\n\t\t\t<div class=\"elementor-widget-wrap\">\n\t\t\t\t\t\t\t<\/div>\n\t\t<\/div>\n\t\t\t\t<div class=\"elementor-column elementor-col-33 elementor-inner-column elementor-element elementor-element-4b1b757e\" data-id=\"4b1b757e\" data-element_type=\"column\">\n\t\t\t<div class=\"elementor-widget-wrap\">\n\t\t\t\t\t\t\t<\/div>\n\t\t<\/div>\n\t\t\t\t\t<\/div>\n\t\t<\/section>\n\t\t\t\t<div class=\"elementor-element elementor-element-626a80f9 elementor-widget elementor-widget-spacer\" data-id=\"626a80f9\" data-element_type=\"widget\" data-widget_type=\"spacer.default\">\n\t\t\t\t\t\t\t<div class=\"elementor-spacer\">\n\t\t\t<div class=\"elementor-spacer-inner\"><\/div>\n\t\t<\/div>\n\t\t\t\t\t\t<\/div>\n\t\t\t\t<section class=\"elementor-section elementor-inner-section elementor-element elementor-element-158d6c1e elementor-section-boxed elementor-section-height-default elementor-section-height-default\" data-id=\"158d6c1e\" data-element_type=\"section\">\n\t\t\t\t\t\t<div class=\"elementor-container elementor-column-gap-default\">\n\t\t\t\t\t<div class=\"elementor-column elementor-col-33 elementor-inner-column elementor-element elementor-element-35066372\" data-id=\"35066372\" data-element_type=\"column\">\n\t\t\t<div class=\"elementor-widget-wrap\">\n\t\t\t\t\t\t\t<\/div>\n\t\t<\/div>\n\t\t\t\t<div class=\"elementor-column elementor-col-33 elementor-inner-column elementor-element elementor-element-5b8d5685\" data-id=\"5b8d5685\" data-element_type=\"column\">\n\t\t\t<div class=\"elementor-widget-wrap elementor-element-populated\">\n\t\t\t\t\t\t<div class=\"elementor-element elementor-element-220678a0 elementor-widget elementor-widget-widgetkit-for-elementor-team\" data-id=\"220678a0\" data-element_type=\"widget\" data-widget_type=\"widgetkit-for-elementor-team.default\">\n\t\t\t\t<div class=\"elementor-widget-container\">\n\t\t\t\t\t\n<div class=\"wk-team\">\n            <div class=\"wk-card wk-card-default wk-style-2\">\n            <div class=\"wk-card-media-top wk-overflow-hidden\">\n                                    <a class=\"wk-display-block\" href=\"\" \"rel=\"nofollow\">\n                        <img fetchpriority=\"high\" decoding=\"async\" width=\"2560\" height=\"2560\" src=\"https:\/\/www.ikiam.edu.ec\/wp-content\/uploads\/2025\/10\/Melina-Rodriguez-01-scaled.jpg\" class=\"attachment-full size-full\" alt=\"\" srcset=\"https:\/\/www.ikiam.edu.ec\/wp-content\/uploads\/2025\/10\/Melina-Rodriguez-01-scaled.jpg 2560w, https:\/\/www.ikiam.edu.ec\/wp-content\/uploads\/2025\/10\/Melina-Rodriguez-01-300x300.jpg 300w, https:\/\/www.ikiam.edu.ec\/wp-content\/uploads\/2025\/10\/Melina-Rodriguez-01-1024x1024.jpg 1024w, https:\/\/www.ikiam.edu.ec\/wp-content\/uploads\/2025\/10\/Melina-Rodriguez-01-150x150.jpg 150w, https:\/\/www.ikiam.edu.ec\/wp-content\/uploads\/2025\/10\/Melina-Rodriguez-01-768x768.jpg 768w, https:\/\/www.ikiam.edu.ec\/wp-content\/uploads\/2025\/10\/Melina-Rodriguez-01-1536x1536.jpg 1536w, https:\/\/www.ikiam.edu.ec\/wp-content\/uploads\/2025\/10\/Melina-Rodriguez-01-2048x2048.jpg 2048w\" sizes=\"(max-width: 2560px) 100vw, 2560px\" \/>                    <\/a>\n                            <\/div> <!-- wk-card-image -->\n\n            <div class=\"wk-card-body\">\n                                    <p class=\"wk-card-title wk-margin-remove\">Melina del Lourdes Rodr\u00edguez Badillo<\/p>                \n                                    <span class=\"wk-card-designation wk-inline-block\">Directora<\/span>\n                \n                                    <div class=\"social-icons\">\n                                                                                    <a href=\"mailto:  \tmelina.rodriguez@ikiam.edu.ec\" \"rel=\"nofollow\">\n\n                                    <i aria-hidden=\"true\" class=\"material-icons md-email\" data-md-icon=\"email\"><\/i>                                <\/a>\n                                                                        <\/div> <!-- wk-width-auto-->\n                \n                                    <p class=\"wk-text-normal wk-margin-small\">melina.rodriguez@ikiam.edu.ec<\/p>\n                            <\/div> <!-- wk-card-body -->\n        <\/div> <!-- wk-card-->\n\n\n\n    <\/div><!-- wk-grid-->\n\n\n<script type=\"text\/javascript\">\n        jQuery(function($) {\n        if (!$('body').hasClass('wk-team')) {\n            $('body').addClass('wk-team');\n        }\n    });\n<\/script>\t\t<!-- <h3>hello world<\/h3> -->\n\t\t\t\t\t\t<\/div>\n\t\t\t\t<\/div>\n\t\t\t\t<div class=\"elementor-element elementor-element-1b894c13 elementor-widget elementor-widget-widgetkit-for-elementor-team\" data-id=\"1b894c13\" data-element_type=\"widget\" data-widget_type=\"widgetkit-for-elementor-team.default\">\n\t\t\t\t<div class=\"elementor-widget-container\">\n\t\t\t\t\t\n<div class=\"wk-team\">\n            <div class=\"wk-card wk-card-default wk-style-2\">\n            <div class=\"wk-card-media-top wk-overflow-hidden\">\n                                    <a class=\"wk-display-block\" href=\"\" \"rel=\"nofollow\">\n                        <img decoding=\"async\" width=\"225\" height=\"225\" data-src=\"https:\/\/www.ikiam.edu.ec\/wp-content\/uploads\/2025\/09\/mujer.png\" class=\"attachment-full size-full lazyload\" alt=\"\" data-srcset=\"https:\/\/www.ikiam.edu.ec\/wp-content\/uploads\/2025\/09\/mujer.png 225w, https:\/\/www.ikiam.edu.ec\/wp-content\/uploads\/2025\/09\/mujer-150x150.png 150w\" data-sizes=\"(max-width: 225px) 100vw, 225px\" src=\"data:image\/svg+xml;base64,PHN2ZyB3aWR0aD0iMSIgaGVpZ2h0PSIxIiB4bWxucz0iaHR0cDovL3d3dy53My5vcmcvMjAwMC9zdmciPjwvc3ZnPg==\" style=\"--smush-placeholder-width: 225px; --smush-placeholder-aspect-ratio: 225\/225;\" \/>                    <\/a>\n                            <\/div> <!-- wk-card-image -->\n\n            <div class=\"wk-card-body\">\n                                    <p class=\"wk-card-title wk-margin-remove\">Anghela Reinoso<\/p>                \n                                    <span class=\"wk-card-designation wk-inline-block\">T\u00e9cnico de laboratorio<\/span>\n                \n                                    <div class=\"social-icons\">\n                                                                                    <a href=\"mailto: anghela.reinoso@ikiam.edu.ec\" \"rel=\"nofollow\">\n\n                                    <i aria-hidden=\"true\" class=\"material-icons md-email\" data-md-icon=\"email\"><\/i>                                <\/a>\n                                                                        <\/div> <!-- wk-width-auto-->\n                \n                                    <p class=\"wk-text-normal wk-margin-small\">anghela.reinoso@ikiam.edu.ec<\/p>\n                            <\/div> <!-- wk-card-body -->\n        <\/div> <!-- wk-card-->\n\n\n\n    <\/div><!-- wk-grid-->\n\n\n<script type=\"text\/javascript\">\n        jQuery(function($) {\n        if (!$('body').hasClass('wk-team')) {\n            $('body').addClass('wk-team');\n        }\n    });\n<\/script>\t\t<!-- <h3>hello world<\/h3> -->\n\t\t\t\t\t\t<\/div>\n\t\t\t\t<\/div>\n\t\t\t\t\t<\/div>\n\t\t<\/div>\n\t\t\t\t<div class=\"elementor-column elementor-col-33 elementor-inner-column elementor-element elementor-element-78ee3c3f\" data-id=\"78ee3c3f\" data-element_type=\"column\">\n\t\t\t<div class=\"elementor-widget-wrap\">\n\t\t\t\t\t\t\t<\/div>\n\t\t<\/div>\n\t\t\t\t\t<\/div>\n\t\t<\/section>\n\t\t\t\t\t<\/div>\n\t\t<\/div>\n\t\t\t\t\t<\/div>\n\t\t<\/section>\n\t\t\t\t<\/div>\n\t\t","protected":false},"excerpt":{"rendered":"<p>Laboratorio de Biolog\u00eda de Docencia 2 Informaci\u00f3n General En el laboratorio de biolog\u00eda se realizan clases pr\u00e1cticas de asignaturas como: [&hellip;]<\/p>\n","protected":false},"author":2,"featured_media":0,"parent":0,"menu_order":0,"comment_status":"closed","ping_status":"closed","template":"","meta":{"site-sidebar-layout":"no-sidebar","site-content-layout":"","ast-site-content-layout":"full-width-container","site-content-style":"default","site-sidebar-style":"default","ast-global-header-display":"","ast-banner-title-visibility":"","ast-main-header-display":"","ast-hfb-above-header-display":"","ast-hfb-below-header-display":"","ast-hfb-mobile-header-display":"","site-post-title":"disabled","ast-breadcrumbs-content":"","ast-featured-img":"disabled","footer-sml-layout":"","theme-transparent-header-meta":"","adv-header-id-meta":"","stick-header-meta":"","header-above-stick-meta":"","header-main-stick-meta":"","header-below-stick-meta":"","astra-migrate-meta-layouts":"default","ast-page-background-enabled":"default","ast-page-background-meta":{"desktop":{"background-color":"var(--ast-global-color-5)","background-image":"","background-repeat":"repeat","background-position":"center center","background-size":"auto","background-attachment":"scroll","background-type":"","background-media":"","overlay-type":"","overlay-color":"","overlay-opacity":"","overlay-gradient":""},"tablet":{"background-color":"","background-image":"","background-repeat":"repeat","background-position":"center center","background-size":"auto","background-attachment":"scroll","background-type":"","background-media":"","overlay-type":"","overlay-color":"","overlay-opacity":"","overlay-gradient":""},"mobile":{"background-color":"","background-image":"","background-repeat":"repeat","background-position":"center center","background-size":"auto","background-attachment":"scroll","background-type":"","background-media":"","overlay-type":"","overlay-color":"","overlay-opacity":"","overlay-gradient":""}},"ast-content-background-meta":{"desktop":{"background-color":"var(--ast-global-color-4)","background-image":"","background-repeat":"repeat","background-position":"center center","background-size":"auto","background-attachment":"scroll","background-type":"","background-media":"","overlay-type":"","overlay-color":"","overlay-opacity":"","overlay-gradient":""},"tablet":{"background-color":"var(--ast-global-color-4)","background-image":"","background-repeat":"repeat","background-position":"center center","background-size":"auto","background-attachment":"scroll","background-type":"","background-media":"","overlay-type":"","overlay-color":"","overlay-opacity":"","overlay-gradient":""},"mobile":{"background-color":"var(--ast-global-color-4)","background-image":"","background-repeat":"repeat","background-position":"center center","background-size":"auto","background-attachment":"scroll","background-type":"","background-media":"","overlay-type":"","overlay-color":"","overlay-opacity":"","overlay-gradient":""}},"footnotes":""},"class_list":["post-51827","page","type-page","status-publish","hentry"],"yoast_head":"<!-- This site is optimized with the Yoast SEO plugin v25.8 - https:\/\/yoast.com\/wordpress\/plugins\/seo\/ -->\n<title>Laboratorio de Biolog\u00eda de Docencia 2 - Universidad Regional Amaz\u00f3nica Ikiam<\/title>\n<meta name=\"robots\" content=\"index, follow, max-snippet:-1, max-image-preview:large, max-video-preview:-1\" \/>\n<link rel=\"canonical\" href=\"https:\/\/www.ikiam.edu.ec\/index.php\/laboratorio-de-biologia-de-docencia-2\/\" \/>\n<meta property=\"og:locale\" content=\"es_ES\" \/>\n<meta property=\"og:type\" content=\"article\" \/>\n<meta property=\"og:title\" content=\"Laboratorio de Biolog\u00eda de Docencia 2 - Universidad Regional Amaz\u00f3nica Ikiam\" \/>\n<meta property=\"og:description\" content=\"Laboratorio de Biolog\u00eda de Docencia 2 Informaci\u00f3n General En el laboratorio de biolog\u00eda se realizan clases pr\u00e1cticas de asignaturas como: [&hellip;]\" \/>\n<meta property=\"og:url\" content=\"https:\/\/www.ikiam.edu.ec\/index.php\/laboratorio-de-biologia-de-docencia-2\/\" \/>\n<meta property=\"og:site_name\" content=\"Universidad Regional Amaz\u00f3nica Ikiam\" \/>\n<meta property=\"article:publisher\" content=\"https:\/\/www.facebook.com\/IkiamOficial\/\" \/>\n<meta property=\"article:modified_time\" content=\"2026-03-12T13:24:37+00:00\" \/>\n<meta property=\"og:image\" content=\"https:\/\/www.ikiam.edu.ec\/wp-content\/uploads\/2025\/10\/Melina-Rodriguez-01-scaled.jpg\" \/>\n<meta name=\"twitter:card\" content=\"summary_large_image\" \/>\n<meta name=\"twitter:site\" content=\"@u_ikiam\" \/>\n<meta name=\"twitter:label1\" content=\"Tiempo de lectura\" \/>\n\t<meta name=\"twitter:data1\" content=\"1 minuto\" \/>\n<script type=\"application\/ld+json\" class=\"yoast-schema-graph\">{\"@context\":\"https:\/\/schema.org\",\"@graph\":[{\"@type\":\"WebPage\",\"@id\":\"https:\/\/www.ikiam.edu.ec\/index.php\/laboratorio-de-biologia-de-docencia-2\/\",\"url\":\"https:\/\/www.ikiam.edu.ec\/index.php\/laboratorio-de-biologia-de-docencia-2\/\",\"name\":\"Laboratorio de Biolog\u00eda de Docencia 2 - Universidad Regional Amaz\u00f3nica Ikiam\",\"isPartOf\":{\"@id\":\"https:\/\/www.ikiam.edu.ec\/#website\"},\"primaryImageOfPage\":{\"@id\":\"https:\/\/www.ikiam.edu.ec\/index.php\/laboratorio-de-biologia-de-docencia-2\/#primaryimage\"},\"image\":{\"@id\":\"https:\/\/www.ikiam.edu.ec\/index.php\/laboratorio-de-biologia-de-docencia-2\/#primaryimage\"},\"thumbnailUrl\":\"https:\/\/www.ikiam.edu.ec\/wp-content\/uploads\/2025\/10\/Melina-Rodriguez-01-scaled.jpg\",\"datePublished\":\"2025-10-01T16:53:16+00:00\",\"dateModified\":\"2026-03-12T13:24:37+00:00\",\"breadcrumb\":{\"@id\":\"https:\/\/www.ikiam.edu.ec\/index.php\/laboratorio-de-biologia-de-docencia-2\/#breadcrumb\"},\"inLanguage\":\"es\",\"potentialAction\":[{\"@type\":\"ReadAction\",\"target\":[\"https:\/\/www.ikiam.edu.ec\/index.php\/laboratorio-de-biologia-de-docencia-2\/\"]}]},{\"@type\":\"ImageObject\",\"inLanguage\":\"es\",\"@id\":\"https:\/\/www.ikiam.edu.ec\/index.php\/laboratorio-de-biologia-de-docencia-2\/#primaryimage\",\"url\":\"https:\/\/www.ikiam.edu.ec\/wp-content\/uploads\/2025\/10\/Melina-Rodriguez-01-scaled.jpg\",\"contentUrl\":\"https:\/\/www.ikiam.edu.ec\/wp-content\/uploads\/2025\/10\/Melina-Rodriguez-01-scaled.jpg\",\"width\":2560,\"height\":2560},{\"@type\":\"BreadcrumbList\",\"@id\":\"https:\/\/www.ikiam.edu.ec\/index.php\/laboratorio-de-biologia-de-docencia-2\/#breadcrumb\",\"itemListElement\":[{\"@type\":\"ListItem\",\"position\":1,\"name\":\"La Universidad\",\"item\":\"https:\/\/www.ikiam.edu.ec\/\"},{\"@type\":\"ListItem\",\"position\":2,\"name\":\"Laboratorio de Biolog\u00eda de Docencia 2\"}]},{\"@type\":\"WebSite\",\"@id\":\"https:\/\/www.ikiam.edu.ec\/#website\",\"url\":\"https:\/\/www.ikiam.edu.ec\/\",\"name\":\"Universidad Regional Amaz\u00f3nica Ikiam\",\"description\":\"\",\"publisher\":{\"@id\":\"https:\/\/www.ikiam.edu.ec\/#organization\"},\"potentialAction\":[{\"@type\":\"SearchAction\",\"target\":{\"@type\":\"EntryPoint\",\"urlTemplate\":\"https:\/\/www.ikiam.edu.ec\/?s={search_term_string}\"},\"query-input\":{\"@type\":\"PropertyValueSpecification\",\"valueRequired\":true,\"valueName\":\"search_term_string\"}}],\"inLanguage\":\"es\"},{\"@type\":\"Organization\",\"@id\":\"https:\/\/www.ikiam.edu.ec\/#organization\",\"name\":\"Universidad Regional Amaz\u00f3nica Ikiam\",\"url\":\"https:\/\/www.ikiam.edu.ec\/\",\"logo\":{\"@type\":\"ImageObject\",\"inLanguage\":\"es\",\"@id\":\"https:\/\/www.ikiam.edu.ec\/#\/schema\/logo\/image\/\",\"url\":\"https:\/\/www.ikiam.edu.ec\/wp-content\/uploads\/2021\/12\/logo-ikiam-1.png\",\"contentUrl\":\"https:\/\/www.ikiam.edu.ec\/wp-content\/uploads\/2021\/12\/logo-ikiam-1.png\",\"width\":210,\"height\":90,\"caption\":\"Universidad Regional Amaz\u00f3nica Ikiam\"},\"image\":{\"@id\":\"https:\/\/www.ikiam.edu.ec\/#\/schema\/logo\/image\/\"},\"sameAs\":[\"https:\/\/www.facebook.com\/IkiamOficial\/\",\"https:\/\/x.com\/u_ikiam\"]}]}<\/script>\n<!-- \/ Yoast SEO plugin. -->","yoast_head_json":{"title":"Laboratorio de Biolog\u00eda de Docencia 2 - Universidad Regional Amaz\u00f3nica Ikiam","robots":{"index":"index","follow":"follow","max-snippet":"max-snippet:-1","max-image-preview":"max-image-preview:large","max-video-preview":"max-video-preview:-1"},"canonical":"https:\/\/www.ikiam.edu.ec\/index.php\/laboratorio-de-biologia-de-docencia-2\/","og_locale":"es_ES","og_type":"article","og_title":"Laboratorio de Biolog\u00eda de Docencia 2 - Universidad Regional Amaz\u00f3nica Ikiam","og_description":"Laboratorio de Biolog\u00eda de Docencia 2 Informaci\u00f3n General En el laboratorio de biolog\u00eda se realizan clases pr\u00e1cticas de asignaturas como: [&hellip;]","og_url":"https:\/\/www.ikiam.edu.ec\/index.php\/laboratorio-de-biologia-de-docencia-2\/","og_site_name":"Universidad Regional Amaz\u00f3nica Ikiam","article_publisher":"https:\/\/www.facebook.com\/IkiamOficial\/","article_modified_time":"2026-03-12T13:24:37+00:00","og_image":[{"url":"https:\/\/www.ikiam.edu.ec\/wp-content\/uploads\/2025\/10\/Melina-Rodriguez-01-scaled.jpg","type":"","width":"","height":""}],"twitter_card":"summary_large_image","twitter_site":"@u_ikiam","twitter_misc":{"Tiempo de lectura":"1 minuto"},"schema":{"@context":"https:\/\/schema.org","@graph":[{"@type":"WebPage","@id":"https:\/\/www.ikiam.edu.ec\/index.php\/laboratorio-de-biologia-de-docencia-2\/","url":"https:\/\/www.ikiam.edu.ec\/index.php\/laboratorio-de-biologia-de-docencia-2\/","name":"Laboratorio de Biolog\u00eda de Docencia 2 - Universidad Regional Amaz\u00f3nica Ikiam","isPartOf":{"@id":"https:\/\/www.ikiam.edu.ec\/#website"},"primaryImageOfPage":{"@id":"https:\/\/www.ikiam.edu.ec\/index.php\/laboratorio-de-biologia-de-docencia-2\/#primaryimage"},"image":{"@id":"https:\/\/www.ikiam.edu.ec\/index.php\/laboratorio-de-biologia-de-docencia-2\/#primaryimage"},"thumbnailUrl":"https:\/\/www.ikiam.edu.ec\/wp-content\/uploads\/2025\/10\/Melina-Rodriguez-01-scaled.jpg","datePublished":"2025-10-01T16:53:16+00:00","dateModified":"2026-03-12T13:24:37+00:00","breadcrumb":{"@id":"https:\/\/www.ikiam.edu.ec\/index.php\/laboratorio-de-biologia-de-docencia-2\/#breadcrumb"},"inLanguage":"es","potentialAction":[{"@type":"ReadAction","target":["https:\/\/www.ikiam.edu.ec\/index.php\/laboratorio-de-biologia-de-docencia-2\/"]}]},{"@type":"ImageObject","inLanguage":"es","@id":"https:\/\/www.ikiam.edu.ec\/index.php\/laboratorio-de-biologia-de-docencia-2\/#primaryimage","url":"https:\/\/www.ikiam.edu.ec\/wp-content\/uploads\/2025\/10\/Melina-Rodriguez-01-scaled.jpg","contentUrl":"https:\/\/www.ikiam.edu.ec\/wp-content\/uploads\/2025\/10\/Melina-Rodriguez-01-scaled.jpg","width":2560,"height":2560},{"@type":"BreadcrumbList","@id":"https:\/\/www.ikiam.edu.ec\/index.php\/laboratorio-de-biologia-de-docencia-2\/#breadcrumb","itemListElement":[{"@type":"ListItem","position":1,"name":"La Universidad","item":"https:\/\/www.ikiam.edu.ec\/"},{"@type":"ListItem","position":2,"name":"Laboratorio de Biolog\u00eda de Docencia 2"}]},{"@type":"WebSite","@id":"https:\/\/www.ikiam.edu.ec\/#website","url":"https:\/\/www.ikiam.edu.ec\/","name":"Universidad Regional Amaz\u00f3nica Ikiam","description":"","publisher":{"@id":"https:\/\/www.ikiam.edu.ec\/#organization"},"potentialAction":[{"@type":"SearchAction","target":{"@type":"EntryPoint","urlTemplate":"https:\/\/www.ikiam.edu.ec\/?s={search_term_string}"},"query-input":{"@type":"PropertyValueSpecification","valueRequired":true,"valueName":"search_term_string"}}],"inLanguage":"es"},{"@type":"Organization","@id":"https:\/\/www.ikiam.edu.ec\/#organization","name":"Universidad Regional Amaz\u00f3nica Ikiam","url":"https:\/\/www.ikiam.edu.ec\/","logo":{"@type":"ImageObject","inLanguage":"es","@id":"https:\/\/www.ikiam.edu.ec\/#\/schema\/logo\/image\/","url":"https:\/\/www.ikiam.edu.ec\/wp-content\/uploads\/2021\/12\/logo-ikiam-1.png","contentUrl":"https:\/\/www.ikiam.edu.ec\/wp-content\/uploads\/2021\/12\/logo-ikiam-1.png","width":210,"height":90,"caption":"Universidad Regional Amaz\u00f3nica Ikiam"},"image":{"@id":"https:\/\/www.ikiam.edu.ec\/#\/schema\/logo\/image\/"},"sameAs":["https:\/\/www.facebook.com\/IkiamOficial\/","https:\/\/x.com\/u_ikiam"]}]}},"_links":{"self":[{"href":"https:\/\/www.ikiam.edu.ec\/index.php\/wp-json\/wp\/v2\/pages\/51827","targetHints":{"allow":["GET"]}}],"collection":[{"href":"https:\/\/www.ikiam.edu.ec\/index.php\/wp-json\/wp\/v2\/pages"}],"about":[{"href":"https:\/\/www.ikiam.edu.ec\/index.php\/wp-json\/wp\/v2\/types\/page"}],"author":[{"embeddable":true,"href":"https:\/\/www.ikiam.edu.ec\/index.php\/wp-json\/wp\/v2\/users\/2"}],"replies":[{"embeddable":true,"href":"https:\/\/www.ikiam.edu.ec\/index.php\/wp-json\/wp\/v2\/comments?post=51827"}],"version-history":[{"count":16,"href":"https:\/\/www.ikiam.edu.ec\/index.php\/wp-json\/wp\/v2\/pages\/51827\/revisions"}],"predecessor-version":[{"id":55419,"href":"https:\/\/www.ikiam.edu.ec\/index.php\/wp-json\/wp\/v2\/pages\/51827\/revisions\/55419"}],"wp:attachment":[{"href":"https:\/\/www.ikiam.edu.ec\/index.php\/wp-json\/wp\/v2\/media?parent=51827"}],"curies":[{"name":"wp","href":"https:\/\/api.w.org\/{rel}","templated":true}]}}