{"id":51926,"date":"2025-10-01T18:40:35","date_gmt":"2025-10-01T18:40:35","guid":{"rendered":"https:\/\/www.ikiam.edu.ec\/?page_id=51926"},"modified":"2026-03-12T13:19:10","modified_gmt":"2026-03-12T13:19:10","slug":"estacion-cientifica-en-la-reserva-biologica-colonso-chalupas","status":"publish","type":"page","link":"https:\/\/www.ikiam.edu.ec\/index.php\/estacion-cientifica-en-la-reserva-biologica-colonso-chalupas\/","title":{"rendered":"Estaci\u00f3n Cient\u00edfica en la Reserva Biol\u00f3gica Colonso Chalupas"},"content":{"rendered":"\t\t<div data-elementor-type=\"wp-page\" data-elementor-id=\"51926\" class=\"elementor elementor-51926\" data-elementor-post-type=\"page\">\n\t\t\t\t\t\t<section class=\"elementor-section elementor-top-section elementor-element elementor-element-47dbc2df elementor-section-full_width elementor-section-height-min-height elementor-section-height-default elementor-section-items-middle\" data-id=\"47dbc2df\" data-element_type=\"section\" data-settings=\"{&quot;background_background&quot;:&quot;classic&quot;}\">\n\t\t\t\t\t\t\t<div class=\"elementor-background-overlay\"><\/div>\n\t\t\t\t\t\t\t<div class=\"elementor-container elementor-column-gap-default\">\n\t\t\t\t\t<div class=\"elementor-column elementor-col-100 elementor-top-column elementor-element elementor-element-3159c736\" data-id=\"3159c736\" data-element_type=\"column\" data-settings=\"{&quot;background_background&quot;:&quot;slideshow&quot;,&quot;background_slideshow_gallery&quot;:[],&quot;background_slideshow_loop&quot;:&quot;yes&quot;,&quot;background_slideshow_slide_duration&quot;:5000,&quot;background_slideshow_slide_transition&quot;:&quot;fade&quot;,&quot;background_slideshow_transition_duration&quot;:500}\">\n\t\t\t<div class=\"elementor-widget-wrap elementor-element-populated\">\n\t\t\t\t\t\t<div class=\"elementor-element elementor-element-23369862 elementor-align-center elementor-widget elementor-widget-breadcrumbs\" data-id=\"23369862\" data-element_type=\"widget\" data-widget_type=\"breadcrumbs.default\">\n\t\t\t\t\t<p id=\"breadcrumbs\"><span><span><a href=\"https:\/\/www.ikiam.edu.ec\/\">La Universidad<\/a><\/span><\/span><\/p>\t\t\t\t<\/div>\n\t\t\t\t<div class=\"elementor-element elementor-element-7a5aa9b7 elementor-widget elementor-widget-heading\" data-id=\"7a5aa9b7\" data-element_type=\"widget\" data-widget_type=\"heading.default\">\n\t\t\t\t\t<h1 class=\"elementor-heading-title elementor-size-default\">Estaci\u00f3n Cient\u00edfica en la Reserva Biol\u00f3gica Colonso Chalupas<\/h1>\t\t\t\t<\/div>\n\t\t\t\t\t<\/div>\n\t\t<\/div>\n\t\t\t\t\t<\/div>\n\t\t<\/section>\n\t\t\t\t<section class=\"elementor-section elementor-top-section elementor-element elementor-element-46d7c6a2 elementor-section-boxed elementor-section-height-default elementor-section-height-default\" data-id=\"46d7c6a2\" data-element_type=\"section\">\n\t\t\t\t\t\t<div class=\"elementor-container elementor-column-gap-default\">\n\t\t\t\t\t<div class=\"elementor-column elementor-col-100 elementor-top-column elementor-element elementor-element-5fdbded2\" data-id=\"5fdbded2\" data-element_type=\"column\">\n\t\t\t<div class=\"elementor-widget-wrap elementor-element-populated\">\n\t\t\t\t\t\t<div class=\"elementor-element elementor-element-77079eaa elementor-widget elementor-widget-spacer\" data-id=\"77079eaa\" data-element_type=\"widget\" data-widget_type=\"spacer.default\">\n\t\t\t\t\t\t\t<div class=\"elementor-spacer\">\n\t\t\t<div class=\"elementor-spacer-inner\"><\/div>\n\t\t<\/div>\n\t\t\t\t\t\t<\/div>\n\t\t\t\t\t<\/div>\n\t\t<\/div>\n\t\t\t\t\t<\/div>\n\t\t<\/section>\n\t\t\t\t<section class=\"elementor-section elementor-top-section elementor-element elementor-element-7633d9ee elementor-section-boxed elementor-section-height-default elementor-section-height-default\" data-id=\"7633d9ee\" data-element_type=\"section\">\n\t\t\t\t\t\t<div class=\"elementor-container elementor-column-gap-default\">\n\t\t\t\t\t<div class=\"elementor-column elementor-col-100 elementor-top-column elementor-element elementor-element-5ca4f4b0\" data-id=\"5ca4f4b0\" data-element_type=\"column\">\n\t\t\t<div class=\"elementor-widget-wrap elementor-element-populated\">\n\t\t\t\t\t\t<div class=\"elementor-element elementor-element-31d53883 elementor-widget elementor-widget-spacer\" data-id=\"31d53883\" data-element_type=\"widget\" data-widget_type=\"spacer.default\">\n\t\t\t\t\t\t\t<div class=\"elementor-spacer\">\n\t\t\t<div class=\"elementor-spacer-inner\"><\/div>\n\t\t<\/div>\n\t\t\t\t\t\t<\/div>\n\t\t\t\t<div class=\"elementor-element elementor-element-237fdf87 elementor-widget elementor-widget-heading\" data-id=\"237fdf87\" data-element_type=\"widget\" data-widget_type=\"heading.default\">\n\t\t\t\t\t<h2 class=\"elementor-heading-title elementor-size-default\">Informaci\u00f3n General <\/h2>\t\t\t\t<\/div>\n\t\t\t\t<section class=\"elementor-section elementor-inner-section elementor-element elementor-element-662ed41f elementor-section-boxed elementor-section-height-default elementor-section-height-default\" data-id=\"662ed41f\" data-element_type=\"section\">\n\t\t\t\t\t\t<div class=\"elementor-container elementor-column-gap-default\">\n\t\t\t\t\t<div class=\"elementor-column elementor-col-100 elementor-inner-column elementor-element elementor-element-44583919\" data-id=\"44583919\" data-element_type=\"column\">\n\t\t\t<div class=\"elementor-widget-wrap elementor-element-populated\">\n\t\t\t\t\t\t<div class=\"elementor-element elementor-element-52fd078 elementor-widget elementor-widget-text-editor\" data-id=\"52fd078\" data-element_type=\"widget\" data-widget_type=\"text-editor.default\">\n\t\t\t\t\t\t\t\t\t<p style=\"font-size: 18px;\">La Estaci\u00f3n Cient\u00edfica en la Reserva Biol\u00f3gica Colonso Chalupas (RBCC) fue creada mediante un convenio entre la Universidad Regional Amaz\u00f3nica IKIAM, UNESCO-AECID y MAE con el objetivo principal de crear una edificaci\u00f3n a 1.500msnm para investigaci\u00f3n y monitoreo ambiental dentro de la reserva Colonso Chalupas. Est\u00e1 destinada a pr\u00e1cticas aplicadas y seguimiento de procesos de investigaci\u00f3n ambiental, con fines institucionales, acad\u00e9micos y estrat\u00e9gicos, donde participan docentes, alumnos e investigadores invitados seg\u00fan la planificaci\u00f3n interinstitucional de IKIAM.<\/p><p style=\"font-size: 18px;\">La Estaci\u00f3n Cient\u00edfica en la Reserva Biol\u00f3gica Colonso Chalupas (RBCC) pretende apoyar al laboratorio natural de la Reserva en los procesos de ense\u00f1anza-aprendizaje, as\u00ed como para los proyectos de investigaci\u00f3n y desarrollo de tecnolog\u00edas, de adaptaci\u00f3n al cambio clim\u00e1tico y protecci\u00f3n del ambiente. De esta manera contribuir a establecer una din\u00e1mica de gesti\u00f3n del \u00e1rea en donde la investigaci\u00f3n cient\u00edfica sobre la biodiversidad, ecosistemas, sistemas acu\u00e1ticos, suelo y subsuelo y los asentamientos humanos sean importantes en el proceso formativo de estudiantes, pero tambi\u00e9n para retroalimentar la gesti\u00f3n de la RBCC y su entorno.<\/p><ul><li style=\"font-size: 18px;\">El \u00e1rea total de la estaci\u00f3n cient\u00edfica es de 78.06 m2 y comprende de los siguientes espacios y tiene una capacidad para 10 personas:<br \/>\u00c1rea de trabajo- laboratorio 18.33 m2: Esta \u00e1rea est\u00e1 equipada con mesones en ca\u00f1a tratada y protegida, lavamanos para la limpieza de ciertas muestras.<\/li><li style=\"font-size: 18px;\"><br \/>\u00c1rea de descanso 24.74 m2: ubicada en el segundo nivel de la edificaci\u00f3n cuenta con un \u00e1rea amplia para 10 sacos de dormir.<\/li><li>\u00a0<\/li><li style=\"font-size: 18px;\">\u00c1rea ba\u00f1os y ducha 5.46 m2: Es un \u00e1rea ubicada en la parte exterior y con una ducha e inodoro, y lavamanos.<\/li><li style=\"font-size: 18px;\"><br \/>\u00c1rea de servicios 18.00 m2 (comedor, cocina): ubicada en la parte lateral con un \u00e1rea com\u00fan para alimentaci\u00f3n con mobiliario sencillo de madera, cocina con le\u00f1a y mesones fijos con un lavabo empotrado.<\/li><li style=\"font-size: 18px;\"><br \/>\u00c1rea comunal 13.24 m2 (hall, paredes)<br \/>.<\/li><\/ul>\t\t\t\t\t\t\t\t<\/div>\n\t\t\t\t\t<\/div>\n\t\t<\/div>\n\t\t\t\t\t<\/div>\n\t\t<\/section>\n\t\t\t\t<div class=\"elementor-element elementor-element-6743b932 elementor-widget elementor-widget-spacer\" data-id=\"6743b932\" data-element_type=\"widget\" data-widget_type=\"spacer.default\">\n\t\t\t\t\t\t\t<div class=\"elementor-spacer\">\n\t\t\t<div class=\"elementor-spacer-inner\"><\/div>\n\t\t<\/div>\n\t\t\t\t\t\t<\/div>\n\t\t\t\t<div class=\"elementor-element elementor-element-7142c3b1 elementor-widget elementor-widget-heading\" data-id=\"7142c3b1\" data-element_type=\"widget\" data-widget_type=\"heading.default\">\n\t\t\t\t\t<h2 class=\"elementor-heading-title elementor-size-default\">Responsable y t\u00e9cnico de laboratorio <\/h2>\t\t\t\t<\/div>\n\t\t\t\t<section class=\"elementor-section elementor-inner-section elementor-element elementor-element-53d6c040 elementor-section-boxed elementor-section-height-default elementor-section-height-default\" data-id=\"53d6c040\" data-element_type=\"section\">\n\t\t\t\t\t\t<div class=\"elementor-container elementor-column-gap-default\">\n\t\t\t\t\t<div class=\"elementor-column elementor-col-33 elementor-inner-column elementor-element elementor-element-de7007\" data-id=\"de7007\" data-element_type=\"column\">\n\t\t\t<div class=\"elementor-widget-wrap\">\n\t\t\t\t\t\t\t<\/div>\n\t\t<\/div>\n\t\t\t\t<div class=\"elementor-column elementor-col-33 elementor-inner-column elementor-element elementor-element-e9f0f41\" data-id=\"e9f0f41\" data-element_type=\"column\">\n\t\t\t<div class=\"elementor-widget-wrap elementor-element-populated\">\n\t\t\t\t\t\t<div class=\"elementor-element elementor-element-47b712ab elementor-widget elementor-widget-widgetkit-for-elementor-team\" data-id=\"47b712ab\" data-element_type=\"widget\" data-widget_type=\"widgetkit-for-elementor-team.default\">\n\t\t\t\t<div class=\"elementor-widget-container\">\n\t\t\t\t\t\n<div class=\"wk-team\">\n            <div class=\"wk-card wk-card-default wk-style-2\">\n            <div class=\"wk-card-media-top wk-overflow-hidden\">\n                                    <a class=\"wk-display-block\" href=\"\" \"rel=\"nofollow\">\n                        <img fetchpriority=\"high\" decoding=\"async\" width=\"585\" height=\"585\" src=\"https:\/\/www.ikiam.edu.ec\/wp-content\/uploads\/2022\/05\/mauricio_ortega-1.jpg\" class=\"attachment-full size-full\" alt=\"\" srcset=\"https:\/\/www.ikiam.edu.ec\/wp-content\/uploads\/2022\/05\/mauricio_ortega-1.jpg 585w, https:\/\/www.ikiam.edu.ec\/wp-content\/uploads\/2022\/05\/mauricio_ortega-1-300x300.jpg 300w, https:\/\/www.ikiam.edu.ec\/wp-content\/uploads\/2022\/05\/mauricio_ortega-1-150x150.jpg 150w\" sizes=\"(max-width: 585px) 100vw, 585px\" \/>                    <\/a>\n                            <\/div> <!-- wk-card-image -->\n\n            <div class=\"wk-card-body\">\n                                    <p class=\"wk-card-title wk-margin-remove\">Mauricio Ortega, PhD<\/p>                \n                                    <span class=\"wk-card-designation wk-inline-block\">Responsable<\/span>\n                \n                                    <div class=\"social-icons\">\n                                                                                    <a href=\"mailto: mauricio.ortega@ikiam.edu.ec\" \"rel=\"nofollow\">\n\n                                    <i aria-hidden=\"true\" class=\"material-icons md-email\" data-md-icon=\"email\"><\/i>                                <\/a>\n                                                                        <\/div> <!-- wk-width-auto-->\n                \n                            <\/div> <!-- wk-card-body -->\n        <\/div> <!-- wk-card-->\n\n\n\n    <\/div><!-- wk-grid-->\n\n\n<script type=\"text\/javascript\">\n        jQuery(function($) {\n        if (!$('body').hasClass('wk-team')) {\n            $('body').addClass('wk-team');\n        }\n    });\n<\/script>\t\t<!-- <h3>hello world<\/h3> -->\n\t\t\t\t\t\t<\/div>\n\t\t\t\t<\/div>\n\t\t\t\t\t<\/div>\n\t\t<\/div>\n\t\t\t\t<div class=\"elementor-column elementor-col-33 elementor-inner-column elementor-element elementor-element-44d3307f\" data-id=\"44d3307f\" data-element_type=\"column\">\n\t\t\t<div class=\"elementor-widget-wrap\">\n\t\t\t\t\t\t\t<\/div>\n\t\t<\/div>\n\t\t\t\t\t<\/div>\n\t\t<\/section>\n\t\t\t\t<div class=\"elementor-element elementor-element-6be03574 elementor-widget elementor-widget-spacer\" data-id=\"6be03574\" data-element_type=\"widget\" data-widget_type=\"spacer.default\">\n\t\t\t\t\t\t\t<div class=\"elementor-spacer\">\n\t\t\t<div class=\"elementor-spacer-inner\"><\/div>\n\t\t<\/div>\n\t\t\t\t\t\t<\/div>\n\t\t\t\t\t<\/div>\n\t\t<\/div>\n\t\t\t\t\t<\/div>\n\t\t<\/section>\n\t\t\t\t<\/div>\n\t\t","protected":false},"excerpt":{"rendered":"<p>Estaci\u00f3n Cient\u00edfica en la Reserva Biol\u00f3gica Colonso Chalupas Informaci\u00f3n General La Estaci\u00f3n Cient\u00edfica en la Reserva Biol\u00f3gica Colonso Chalupas (RBCC) [&hellip;]<\/p>\n","protected":false},"author":2,"featured_media":0,"parent":0,"menu_order":0,"comment_status":"closed","ping_status":"closed","template":"","meta":{"site-sidebar-layout":"no-sidebar","site-content-layout":"","ast-site-content-layout":"full-width-container","site-content-style":"default","site-sidebar-style":"default","ast-global-header-display":"","ast-banner-title-visibility":"","ast-main-header-display":"","ast-hfb-above-header-display":"","ast-hfb-below-header-display":"","ast-hfb-mobile-header-display":"","site-post-title":"disabled","ast-breadcrumbs-content":"","ast-featured-img":"disabled","footer-sml-layout":"","theme-transparent-header-meta":"","adv-header-id-meta":"","stick-header-meta":"","header-above-stick-meta":"","header-main-stick-meta":"","header-below-stick-meta":"","astra-migrate-meta-layouts":"default","ast-page-background-enabled":"default","ast-page-background-meta":{"desktop":{"background-color":"var(--ast-global-color-5)","background-image":"","background-repeat":"repeat","background-position":"center center","background-size":"auto","background-attachment":"scroll","background-type":"","background-media":"","overlay-type":"","overlay-color":"","overlay-opacity":"","overlay-gradient":""},"tablet":{"background-color":"","background-image":"","background-repeat":"repeat","background-position":"center center","background-size":"auto","background-attachment":"scroll","background-type":"","background-media":"","overlay-type":"","overlay-color":"","overlay-opacity":"","overlay-gradient":""},"mobile":{"background-color":"","background-image":"","background-repeat":"repeat","background-position":"center center","background-size":"auto","background-attachment":"scroll","background-type":"","background-media":"","overlay-type":"","overlay-color":"","overlay-opacity":"","overlay-gradient":""}},"ast-content-background-meta":{"desktop":{"background-color":"var(--ast-global-color-4)","background-image":"","background-repeat":"repeat","background-position":"center center","background-size":"auto","background-attachment":"scroll","background-type":"","background-media":"","overlay-type":"","overlay-color":"","overlay-opacity":"","overlay-gradient":""},"tablet":{"background-color":"var(--ast-global-color-4)","background-image":"","background-repeat":"repeat","background-position":"center center","background-size":"auto","background-attachment":"scroll","background-type":"","background-media":"","overlay-type":"","overlay-color":"","overlay-opacity":"","overlay-gradient":""},"mobile":{"background-color":"var(--ast-global-color-4)","background-image":"","background-repeat":"repeat","background-position":"center center","background-size":"auto","background-attachment":"scroll","background-type":"","background-media":"","overlay-type":"","overlay-color":"","overlay-opacity":"","overlay-gradient":""}},"footnotes":""},"class_list":["post-51926","page","type-page","status-publish","hentry"],"yoast_head":"<!-- This site is optimized with the Yoast SEO plugin v25.8 - https:\/\/yoast.com\/wordpress\/plugins\/seo\/ -->\n<title>Estaci\u00f3n Cient\u00edfica en la Reserva Biol\u00f3gica Colonso Chalupas - Universidad Regional Amaz\u00f3nica Ikiam<\/title>\n<meta name=\"robots\" content=\"index, follow, max-snippet:-1, max-image-preview:large, max-video-preview:-1\" \/>\n<link rel=\"canonical\" href=\"https:\/\/www.ikiam.edu.ec\/index.php\/estacion-cientifica-en-la-reserva-biologica-colonso-chalupas\/\" \/>\n<meta property=\"og:locale\" content=\"es_ES\" \/>\n<meta property=\"og:type\" content=\"article\" \/>\n<meta property=\"og:title\" content=\"Estaci\u00f3n Cient\u00edfica en la Reserva Biol\u00f3gica Colonso Chalupas - Universidad Regional Amaz\u00f3nica Ikiam\" \/>\n<meta property=\"og:description\" content=\"Estaci\u00f3n Cient\u00edfica en la Reserva Biol\u00f3gica Colonso Chalupas Informaci\u00f3n General La Estaci\u00f3n Cient\u00edfica en la Reserva Biol\u00f3gica Colonso Chalupas (RBCC) [&hellip;]\" \/>\n<meta property=\"og:url\" content=\"https:\/\/www.ikiam.edu.ec\/index.php\/estacion-cientifica-en-la-reserva-biologica-colonso-chalupas\/\" \/>\n<meta property=\"og:site_name\" content=\"Universidad Regional Amaz\u00f3nica Ikiam\" \/>\n<meta property=\"article:publisher\" content=\"https:\/\/www.facebook.com\/IkiamOficial\/\" \/>\n<meta property=\"article:modified_time\" content=\"2026-03-12T13:19:10+00:00\" \/>\n<meta property=\"og:image\" content=\"https:\/\/www.ikiam.edu.ec\/wp-content\/uploads\/2022\/05\/mauricio_ortega-1.jpg\" \/>\n<meta name=\"twitter:card\" content=\"summary_large_image\" \/>\n<meta name=\"twitter:site\" content=\"@u_ikiam\" \/>\n<meta name=\"twitter:label1\" content=\"Tiempo de lectura\" \/>\n\t<meta name=\"twitter:data1\" content=\"2 minutos\" \/>\n<script type=\"application\/ld+json\" class=\"yoast-schema-graph\">{\"@context\":\"https:\/\/schema.org\",\"@graph\":[{\"@type\":\"WebPage\",\"@id\":\"https:\/\/www.ikiam.edu.ec\/index.php\/estacion-cientifica-en-la-reserva-biologica-colonso-chalupas\/\",\"url\":\"https:\/\/www.ikiam.edu.ec\/index.php\/estacion-cientifica-en-la-reserva-biologica-colonso-chalupas\/\",\"name\":\"Estaci\u00f3n Cient\u00edfica en la Reserva Biol\u00f3gica Colonso Chalupas - Universidad Regional Amaz\u00f3nica Ikiam\",\"isPartOf\":{\"@id\":\"https:\/\/www.ikiam.edu.ec\/#website\"},\"primaryImageOfPage\":{\"@id\":\"https:\/\/www.ikiam.edu.ec\/index.php\/estacion-cientifica-en-la-reserva-biologica-colonso-chalupas\/#primaryimage\"},\"image\":{\"@id\":\"https:\/\/www.ikiam.edu.ec\/index.php\/estacion-cientifica-en-la-reserva-biologica-colonso-chalupas\/#primaryimage\"},\"thumbnailUrl\":\"https:\/\/www.ikiam.edu.ec\/wp-content\/uploads\/2022\/05\/mauricio_ortega-1.jpg\",\"datePublished\":\"2025-10-01T18:40:35+00:00\",\"dateModified\":\"2026-03-12T13:19:10+00:00\",\"breadcrumb\":{\"@id\":\"https:\/\/www.ikiam.edu.ec\/index.php\/estacion-cientifica-en-la-reserva-biologica-colonso-chalupas\/#breadcrumb\"},\"inLanguage\":\"es\",\"potentialAction\":[{\"@type\":\"ReadAction\",\"target\":[\"https:\/\/www.ikiam.edu.ec\/index.php\/estacion-cientifica-en-la-reserva-biologica-colonso-chalupas\/\"]}]},{\"@type\":\"ImageObject\",\"inLanguage\":\"es\",\"@id\":\"https:\/\/www.ikiam.edu.ec\/index.php\/estacion-cientifica-en-la-reserva-biologica-colonso-chalupas\/#primaryimage\",\"url\":\"https:\/\/www.ikiam.edu.ec\/wp-content\/uploads\/2022\/05\/mauricio_ortega-1.jpg\",\"contentUrl\":\"https:\/\/www.ikiam.edu.ec\/wp-content\/uploads\/2022\/05\/mauricio_ortega-1.jpg\",\"width\":585,\"height\":585},{\"@type\":\"BreadcrumbList\",\"@id\":\"https:\/\/www.ikiam.edu.ec\/index.php\/estacion-cientifica-en-la-reserva-biologica-colonso-chalupas\/#breadcrumb\",\"itemListElement\":[{\"@type\":\"ListItem\",\"position\":1,\"name\":\"La Universidad\",\"item\":\"https:\/\/www.ikiam.edu.ec\/\"},{\"@type\":\"ListItem\",\"position\":2,\"name\":\"Estaci\u00f3n Cient\u00edfica en la Reserva Biol\u00f3gica Colonso Chalupas\"}]},{\"@type\":\"WebSite\",\"@id\":\"https:\/\/www.ikiam.edu.ec\/#website\",\"url\":\"https:\/\/www.ikiam.edu.ec\/\",\"name\":\"Universidad Regional Amaz\u00f3nica Ikiam\",\"description\":\"\",\"publisher\":{\"@id\":\"https:\/\/www.ikiam.edu.ec\/#organization\"},\"potentialAction\":[{\"@type\":\"SearchAction\",\"target\":{\"@type\":\"EntryPoint\",\"urlTemplate\":\"https:\/\/www.ikiam.edu.ec\/?s={search_term_string}\"},\"query-input\":{\"@type\":\"PropertyValueSpecification\",\"valueRequired\":true,\"valueName\":\"search_term_string\"}}],\"inLanguage\":\"es\"},{\"@type\":\"Organization\",\"@id\":\"https:\/\/www.ikiam.edu.ec\/#organization\",\"name\":\"Universidad Regional Amaz\u00f3nica Ikiam\",\"url\":\"https:\/\/www.ikiam.edu.ec\/\",\"logo\":{\"@type\":\"ImageObject\",\"inLanguage\":\"es\",\"@id\":\"https:\/\/www.ikiam.edu.ec\/#\/schema\/logo\/image\/\",\"url\":\"https:\/\/www.ikiam.edu.ec\/wp-content\/uploads\/2021\/12\/logo-ikiam-1.png\",\"contentUrl\":\"https:\/\/www.ikiam.edu.ec\/wp-content\/uploads\/2021\/12\/logo-ikiam-1.png\",\"width\":210,\"height\":90,\"caption\":\"Universidad Regional Amaz\u00f3nica Ikiam\"},\"image\":{\"@id\":\"https:\/\/www.ikiam.edu.ec\/#\/schema\/logo\/image\/\"},\"sameAs\":[\"https:\/\/www.facebook.com\/IkiamOficial\/\",\"https:\/\/x.com\/u_ikiam\"]}]}<\/script>\n<!-- \/ Yoast SEO plugin. -->","yoast_head_json":{"title":"Estaci\u00f3n Cient\u00edfica en la Reserva Biol\u00f3gica Colonso Chalupas - Universidad Regional Amaz\u00f3nica Ikiam","robots":{"index":"index","follow":"follow","max-snippet":"max-snippet:-1","max-image-preview":"max-image-preview:large","max-video-preview":"max-video-preview:-1"},"canonical":"https:\/\/www.ikiam.edu.ec\/index.php\/estacion-cientifica-en-la-reserva-biologica-colonso-chalupas\/","og_locale":"es_ES","og_type":"article","og_title":"Estaci\u00f3n Cient\u00edfica en la Reserva Biol\u00f3gica Colonso Chalupas - Universidad Regional Amaz\u00f3nica Ikiam","og_description":"Estaci\u00f3n Cient\u00edfica en la Reserva Biol\u00f3gica Colonso Chalupas Informaci\u00f3n General La Estaci\u00f3n Cient\u00edfica en la Reserva Biol\u00f3gica Colonso Chalupas (RBCC) [&hellip;]","og_url":"https:\/\/www.ikiam.edu.ec\/index.php\/estacion-cientifica-en-la-reserva-biologica-colonso-chalupas\/","og_site_name":"Universidad Regional Amaz\u00f3nica Ikiam","article_publisher":"https:\/\/www.facebook.com\/IkiamOficial\/","article_modified_time":"2026-03-12T13:19:10+00:00","og_image":[{"url":"https:\/\/www.ikiam.edu.ec\/wp-content\/uploads\/2022\/05\/mauricio_ortega-1.jpg","type":"","width":"","height":""}],"twitter_card":"summary_large_image","twitter_site":"@u_ikiam","twitter_misc":{"Tiempo de lectura":"2 minutos"},"schema":{"@context":"https:\/\/schema.org","@graph":[{"@type":"WebPage","@id":"https:\/\/www.ikiam.edu.ec\/index.php\/estacion-cientifica-en-la-reserva-biologica-colonso-chalupas\/","url":"https:\/\/www.ikiam.edu.ec\/index.php\/estacion-cientifica-en-la-reserva-biologica-colonso-chalupas\/","name":"Estaci\u00f3n Cient\u00edfica en la Reserva Biol\u00f3gica Colonso Chalupas - Universidad Regional Amaz\u00f3nica Ikiam","isPartOf":{"@id":"https:\/\/www.ikiam.edu.ec\/#website"},"primaryImageOfPage":{"@id":"https:\/\/www.ikiam.edu.ec\/index.php\/estacion-cientifica-en-la-reserva-biologica-colonso-chalupas\/#primaryimage"},"image":{"@id":"https:\/\/www.ikiam.edu.ec\/index.php\/estacion-cientifica-en-la-reserva-biologica-colonso-chalupas\/#primaryimage"},"thumbnailUrl":"https:\/\/www.ikiam.edu.ec\/wp-content\/uploads\/2022\/05\/mauricio_ortega-1.jpg","datePublished":"2025-10-01T18:40:35+00:00","dateModified":"2026-03-12T13:19:10+00:00","breadcrumb":{"@id":"https:\/\/www.ikiam.edu.ec\/index.php\/estacion-cientifica-en-la-reserva-biologica-colonso-chalupas\/#breadcrumb"},"inLanguage":"es","potentialAction":[{"@type":"ReadAction","target":["https:\/\/www.ikiam.edu.ec\/index.php\/estacion-cientifica-en-la-reserva-biologica-colonso-chalupas\/"]}]},{"@type":"ImageObject","inLanguage":"es","@id":"https:\/\/www.ikiam.edu.ec\/index.php\/estacion-cientifica-en-la-reserva-biologica-colonso-chalupas\/#primaryimage","url":"https:\/\/www.ikiam.edu.ec\/wp-content\/uploads\/2022\/05\/mauricio_ortega-1.jpg","contentUrl":"https:\/\/www.ikiam.edu.ec\/wp-content\/uploads\/2022\/05\/mauricio_ortega-1.jpg","width":585,"height":585},{"@type":"BreadcrumbList","@id":"https:\/\/www.ikiam.edu.ec\/index.php\/estacion-cientifica-en-la-reserva-biologica-colonso-chalupas\/#breadcrumb","itemListElement":[{"@type":"ListItem","position":1,"name":"La Universidad","item":"https:\/\/www.ikiam.edu.ec\/"},{"@type":"ListItem","position":2,"name":"Estaci\u00f3n Cient\u00edfica en la Reserva Biol\u00f3gica Colonso Chalupas"}]},{"@type":"WebSite","@id":"https:\/\/www.ikiam.edu.ec\/#website","url":"https:\/\/www.ikiam.edu.ec\/","name":"Universidad Regional Amaz\u00f3nica Ikiam","description":"","publisher":{"@id":"https:\/\/www.ikiam.edu.ec\/#organization"},"potentialAction":[{"@type":"SearchAction","target":{"@type":"EntryPoint","urlTemplate":"https:\/\/www.ikiam.edu.ec\/?s={search_term_string}"},"query-input":{"@type":"PropertyValueSpecification","valueRequired":true,"valueName":"search_term_string"}}],"inLanguage":"es"},{"@type":"Organization","@id":"https:\/\/www.ikiam.edu.ec\/#organization","name":"Universidad Regional Amaz\u00f3nica Ikiam","url":"https:\/\/www.ikiam.edu.ec\/","logo":{"@type":"ImageObject","inLanguage":"es","@id":"https:\/\/www.ikiam.edu.ec\/#\/schema\/logo\/image\/","url":"https:\/\/www.ikiam.edu.ec\/wp-content\/uploads\/2021\/12\/logo-ikiam-1.png","contentUrl":"https:\/\/www.ikiam.edu.ec\/wp-content\/uploads\/2021\/12\/logo-ikiam-1.png","width":210,"height":90,"caption":"Universidad Regional Amaz\u00f3nica Ikiam"},"image":{"@id":"https:\/\/www.ikiam.edu.ec\/#\/schema\/logo\/image\/"},"sameAs":["https:\/\/www.facebook.com\/IkiamOficial\/","https:\/\/x.com\/u_ikiam"]}]}},"_links":{"self":[{"href":"https:\/\/www.ikiam.edu.ec\/index.php\/wp-json\/wp\/v2\/pages\/51926","targetHints":{"allow":["GET"]}}],"collection":[{"href":"https:\/\/www.ikiam.edu.ec\/index.php\/wp-json\/wp\/v2\/pages"}],"about":[{"href":"https:\/\/www.ikiam.edu.ec\/index.php\/wp-json\/wp\/v2\/types\/page"}],"author":[{"embeddable":true,"href":"https:\/\/www.ikiam.edu.ec\/index.php\/wp-json\/wp\/v2\/users\/2"}],"replies":[{"embeddable":true,"href":"https:\/\/www.ikiam.edu.ec\/index.php\/wp-json\/wp\/v2\/comments?post=51926"}],"version-history":[{"count":10,"href":"https:\/\/www.ikiam.edu.ec\/index.php\/wp-json\/wp\/v2\/pages\/51926\/revisions"}],"predecessor-version":[{"id":55404,"href":"https:\/\/www.ikiam.edu.ec\/index.php\/wp-json\/wp\/v2\/pages\/51926\/revisions\/55404"}],"wp:attachment":[{"href":"https:\/\/www.ikiam.edu.ec\/index.php\/wp-json\/wp\/v2\/media?parent=51926"}],"curies":[{"name":"wp","href":"https:\/\/api.w.org\/{rel}","templated":true}]}}